?
67c5
In base 5, what is 13 - 102?
-34
In base 10, what is -3 - -45?
42
In base 6, what is -3 + -120?
-123
In base 16, what is 526f - -5?
5274
In base 10, what is -18 + 39?
21
In base 14, what is -81 - 1?
-82
In base 15, what is 4 - 3eb?
-3e7
In base 5, what is -31 + -3200?
-3231
In base 7, what is -314 - 4?
-321
In base 5, what is 2 + 402?
404
In base 7, what is -444 + 0?
-444
In base 6, what is 4 + -35?
-31
In base 14, what is -2 + 41?
3d
In base 4, what is -2 - -20113?
20111
In base 8, what is 211 + -136?
53
In base 3, what is 111121 - -1?
111122
In base 14, what is -3 - -1074?
1071
In base 11, what is 249 + 4?
252
In base 3, what is -10 - 1022?
-1102
In base 13, what is -14 - -8?
-9
In base 4, what is 11 + 1330312?
1330323
In base 13, what is -215 + -16?
-22b
In base 5, what is -313 + 1?
-312
In base 3, what is -1110202100 - 11?
-1110202111
In base 3, what is 2 - 2011212?
-2011210
In base 3, what is 1112210 - 11?
1112122
In base 12, what is 180 + -22?
15a
In base 3, what is -11 - -20121110?
20121022
In base 2, what is -11 - -10110100?
10110001
In base 4, what is 11031 + -1?
11030
In base 2, what is 11001 - 10000010?
-1101001
In base 12, what is 22 + 6?
28
In base 16, what is -35d - 5?
-362
In base 12, what is 2 + 12?
14
In base 9, what is -5 + 4211?
4205
In base 3, what is 102 - 0?
102
In base 15, what is 4 - 1656?
-1652
In base 10, what is 177 - -2?
179
In base 10, what is 1038 + 1?
1039
In base 16, what is 5 + -100f?
-100a
In base 2, what is -10 + -110100?
-110110
In base 11, what is 1 + -204?
-203
In base 7, what is 6012 + 5?
6020
In base 14, what is 916 + 0?
916
In base 10, what is 6 + -4?
2
In base 6, what is 12 - -15?
31
In base 14, what is -4 - 24a0?
-24a4
In base 12, what is 112 - 3?
10b
In base 4, what is 3 - -121123?
121132
In base 16, what is 2c5 + 1?
2c6
In base 16, what is -29b - -2?
-299
In base 13, what is 1 + -4b?
-4a
In base 2, what is -111 - 111011110?
-111100101
In base 3, what is 11100 - -1001?
12101
In base 6, what is 1103 - -3?
1110
In base 10, what is 2 + 285?
287
In base 12, what is -43 - -2?
-41
In base 15, what is -2 + 3e?
3c
In base 12, what is -3 - 215b?
-2162
In base 13, what is 6 + 3a?
43
In base 13, what is 1061 + 3?
1064
In base 3, what is 1011 - 1000?
11
In base 13, what is 27 + 2?
29
In base 15, what is -1 - 11?
-12
In base 14, what is -71c6 - 4?
-71ca
In base 12, what is -5 + -1?
-6
In base 11, what is -4088 - 0?
-4088
In base 16, what is 14 + -17?
-3
In base 9, what is 3 - -54?
57
In base 14, what is -25 + 2b?
6
In base 4, what is 1210 - -21?
1231
In base 15, what is -19 - 5?
-1e
In base 5, what is -2042 - 1?
-2043
In base 6, what is -24 + -114?
-142
In base 4, what is 2 + -3012?
-3010
In base 3, what is -1102111 + -12?
-1102200
In base 9, what is 2 + 65?
67
In base 7, what is 43 + -15?
25
In base 6, what is 100 - 13?
43
In base 7, what is -1300 + -2?
-1302
In base 12, what is 3 + 5b?
62
In base 12, what is 5 + 244a?
2453
In base 5, what is 34410 - 4?
34401
In base 8, what is -351 - 27?
-400
In base 10, what is 108 + 3?
111
In base 4, what is 11 - 21?
-10
In base 10, what is -51 - 12?
-63
In base 14, what is -325 - -5?
-320
In base 9, what is 1210 - -17?
1227
In base 9, what is 4 + 343?
347
In base 13, what is 0 - -9?
9
In base 11, what is 68 - -a9?
166
In base 10, what is 1 - 48?
-47
In base 6, what is 20 + -34?
-14
In base 4, what is -32 + -21010?
-21102
In base 12, what is 7 - 62?
-57
In base 16, what is -13ef + 4?
-13eb
In base 5, what is 12 - 0?
12
In base 14, what is 5 + 5c1?
5c6
In base 10, what is -3 - -372?
369
In base 7, what is -110 + -254?
-364
In base 4, what is 2 + 1131?
1133
In base 14, what is 3a5 + -3?
3a2
In base 4, what is 3 + -121?
-112
In base 8, what is -10410 + -4?
-10414
In base 9, what is -2 - -135?
133
In base 4, what is 11 + -3113?
-3102
In base 12, what is 13 - 239?
-226
In base 5, what is -2 - -1033?
1031
In base 13, what is -3 + 1a9?
1a6
In base 7, what is 4165 + -10?
4155
In base 7, what is -3 + -132?
-135
In base 9, what is -4 + 42?
37
In base 11, what is -2 + 4?
2
In base 15, what is -7 - 1?
-8
In base 9, what is -1 + 50?
48
In base 6, what is -4 + 5?
1
In base 9, what is 12 + -1562?
-1550
In base 12, what is 4 - -201a?
2022
In base 14, what is 55 - 3?
52
In base 3, what is 0 - -1100222?
1100222
In base 15, what is 54 + 8?
5c
In base 6, what is 213 + 0?
213
In base 8, what is -4 + -11265?
-11271
In base 9, what is 1 - 47?
-46
In base 15, what is 54 - 1d?
36
In base 5, what is 10 - -11030?
11040
In base 12, what is -5 + -1490?
-1495
In base 13, what is -55 + -39?
-91
In base 15, what is a67 + 5?
a6c
In base 2, what is 1000 + 1100010?
1101010
In base 11, what is 5 + 24a9?
2503
In base 2, what is 10110101 - 1?
10110100
In base 8, what is 4 - 1275?
-1271
In base 3, what is -20211 + 2?
-20202
In base 4, what is 10 + -232132?
-232122
In base 11, what is 2 + -115?
-113
In base 15, what is -5 - b?
-11
In base 9, what is -3 - 87?
-101
In base 15, what is 0 - 11?
-11
In base 14, what is 244 + 2?
246
In base 11, what is 1340 - -3?
1343
In base 4, what is 11032 - 11?
11021
In base 8, what is 46341 + 5?
46346
In base 15, what is 10 - 5?
a
In base 11, what is -2 + 694?
692
In base 4, what is -3 + -230?
-233
In base 14, what is 12 + -8?
8
In base 13, what is 117 + 5?
11c
In base 5, what is 22130 + -4?
22121
In base 12, what is 18 + 4b?
67
In base 11, what is 75 - 1a?
56
In base 13, what is 6 - 19?
-13
In base 13, what is 208 - -3?
20b
In base 4, what is -1 + -1021?
-1022
In base 4, what is -10 + 1010?
1000
In base 16, what is -24 + -17?
-3b
In base 15, what is 5 - -39?
3e
In base 14, what is 2a - 42?
-16
In base 11, what is -a + a1?
92
In base 15, what is 2 + 73?
75
In base 14, what is -1 - -1a?
19
In base 8, what is -154 + -71?
-245
In base 7, what is -1065 - 6?
-1104
In base 6, what is 153 - -1?
154
In base 4, what is 10 + -1020003?
-1013333
In base 8, what is -11 + 202?
171
In base 11, what is 5109 - -1?
510a
In base 15, what is 545 + -1?
544
In base 9, what is -221 - -3?
-217
In base 13, what is -14c2 - 4?
-14c6
In base 12, what is 38 - 41?
-5
In base 12, what is -4 - 677?
-67b
In base 9, what is 113 + -4?
108
In base 11, what is 1 - 4a99?
-4a98
In base 2, what is 110010 + 101?
110111
In base 14, what is 10 + -2d4?
-2c4
In base 15, what is -10 + 3?
-c
In base 16, what is 181 + 1?
182
In base 7, what is -1315 - 5?
-1323
In base 7, what is 55 - 5?
50
In base 13, what is -515 - 4?
-519
In base 10, what is 21 + 34?
55
In base 5, what is 14 - -20?
34
In base 11, what is 34 - -40?
74
In base 10, what is -3 - 63?
-66
In base 4, what is -202 + 31?
-111
In base 10, what is -1 - -50?
49
In base 15, what is -4 - -9?
5
In base 4, what is 2 - -22?
30
In base 7, what is 25 - 614?
-556
In base 2, what is -11010101100 - 1100?
-11010111000
In base 4, what is 3 - 21030?
-21021
In base 4, what is -113 - 0?
-113
In base 13, what is c48 + -1?
c47
In base 11, what is -1 - 49?
-4a
In base 4, what is -2012100 - 0?
-2012100
In base 5, what is 4000 + 4?
4004
In base 10, what is -1894 + 1?
-1893
In base 10, what is -2 + 12?
10
In base 6, what is 4 + 314?
322
In base 6, what is 410 + 1?
411
In base 8, what is 10054 - 2?
10052
In base 5, what is 110241 - 2?
110234
In base 15, what is -3 - 45?
-48
In base 7, what is -135 + 1?
-134
In base 3, what is 200 + 10?
210
In base 7, what is -10404 - -2?
-10402
In base 6, what is -50 + -3?
-53
In base 7, what is -501 - -2?
-466
In base 16, what is -6c + 9?
-63
In base 15, what is -1da3 - 2?
-1da5
In base 12, what is 2 + -185?
-183
In base 7, what is -1061 + 32?
-1026
In base 5, what is -1 - 40?
-41
In base 15, what is -3 - -348?
345
In base 16, what is 2d + -d0?
-a3
In base 7, what is 5 + -31?
-23
In base 16, what is -169 + 1?
-168
In base 2, what is -101101111 + -100?
-101110011
In base 3, what is 20011102 + 1?
20011110
In base 3, what is 21 + 1002121?
1002212
In base 9, what is -32 + 0?
-32
In base 14, what is 3 + 135?
138
In base 9, what is 18 + -74?
-55
In base 6, what is -411 + 43?
-324
In base 2, what is 101 - 101?
0
In base 5, what is 212 + 1?
213
In base 16, what is -3 - -86d?
86a
In base 6, what is 3 - 234?
-231
In base 13, what is 4 - 149?
-145
In base 12, what is -2 - 7?
-9
In base 10, what is 2 + -383?
-381
In base 9, what is 450 + -2?
447
In base 3, wha